{"version":"1.0","type":"rich","provider_name":"Direction r\u00e9gionale de l&#8217;\u00e9conomie, de l&#8217;emploi, du travail et des solidarit\u00e9s (DREETS)","provider_url":"http:\/\/grand-est.dreets.gouv.fr","title":"March\u00e9 du travail&nbsp;: 1er trimestre 2026","author_name":"Kadija LAMINE, \nLO_BOISELET","width":"480","height":"295","url":"https:\/\/grand-est.dreets.gouv.fr\/Marche-du-travail-1er-trimestre-2026","html":"\u003Ch4 class='title'\u003E\u003Ca href='https:\/\/grand-est.dreets.gouv.fr\/Marche-du-travail-1er-trimestre-2026'\u003EMarch\u00e9 du travail&nbsp;: 1er trimestre 2026\u003C\/a\u003E\u003C\/h4\u003E\u003Cblockquote class='spip'\u003E\u003Cp\u003EPublication commune, France Travail - DREETS Grand Est, relative \u00e0 la statistique trimestrielle du march\u00e9 du travail.\u003C\/p\u003E\u003C\/blockquote\u003E\n"}

Direction régionale de l&#8217;économie, de l&#8217;emploi, du travail et des solidarités (DREETS)

Marché du travail&nbsp;: 1er trimestre 2026

<h4 class='title'><a href='https://grand-est.dreets.gouv.fr/Marche-du-travail-1er-trimestre-2026'>Marché du travail&nbsp;: 1er trimestre 2026</a></h4><blockquote class='spip'><p>Publication commune, France Travail - DREETS Grand Est, relative à la statistique trimestrielle du marché du travail.</p></blockquote>
